{"id":356,"date":"2023-11-30T09:32:15","date_gmt":"2023-11-30T08:32:15","guid":{"rendered":"https:\/\/invisiblelab.es\/?post_type=proyecto_playground&#038;p=356"},"modified":"2024-02-05T18:52:02","modified_gmt":"2024-02-05T17:52:02","slug":"aun-quedan-dias-de-verano","status":"publish","type":"proyecto_playground","link":"https:\/\/invisiblelab.es\/es\/proyecto_playground\/aun-quedan-dias-de-verano\/","title":{"rendered":"A\u00fan quedan d\u00edas de verano"},"content":{"rendered":"\n<p>\u201cAEMET estima que desde los a\u00f1os 80 del siglo XX los veranos se han alargado diez d\u00edas cada d\u00e9cada.\u201d<\/p>\n\n\n\n<p>El verano es el concepto en torno al que gira \u201cScenes 01: A\u00fan quedan d\u00edas de verano.\u201d<\/p>\n\n\n\n<p>El verano nos brinda la oportunidad de escapar de las obligaciones del d\u00eda a d\u00eda y abandonar por un momento la rutina; nos invita a concentrar nuestro tiempo y energ\u00eda en aquellas cosas que nos importan, m\u00e1s all\u00e1 del trabajo. La tecnolog\u00eda, la pol\u00edtica o la econom\u00eda quedan suspendidas en el aire para no romper la magia de las vacaciones.<\/p>\n\n\n\n<p>En su lugar habl\u00e1bamos de los sitios que hemos visitado, a qui\u00e9n hemos conocido o qu\u00e9 novela hemos disfrutado, fingiendo no saber que son los factores pol\u00edticos, econ\u00f3micos o sociales los que permiten estas elecciones.<\/p>\n\n\n\n<p>El verano est\u00e1 asociado a unas ideas muy concretas. Vacaciones, playa, sol, helados, excursiones\u2026 Sin embargo, estos arquetipos no tienen m\u00e1s que unas d\u00e9cadas de vida, los veranos del futuro puede que sean muy distintos a como los conocemos hoy.<\/p>\n\n\n\n<p><strong>\u00bfC\u00f3mo podr\u00eda ser el verano en el a\u00f1o 2100?<\/strong> En esta cena utilizamos la idea de verano y su imaginario como herramientas para explorar un futuro sin caer en la utop\u00eda o distop\u00eda. Investigamos las conversaciones que existen sobre el verano y las tem\u00e1ticas que lo atraviesan, trabajo, econom\u00eda, ocio o alimentaci\u00f3n, para as\u00ed entender los cambios emergentes que pueden redefinir c\u00f3mo vivimos la estaci\u00f3n estival.<\/p>\n\n\n\n<p><\/p>\n","protected":false},"featured_media":389,"template":"","categoria-de-playground":[12],"class_list":["post-356","proyecto_playground","type-proyecto_playground","status-publish","has-post-thumbnail","hentry","categoria-de-playground-scenes"],"acf":[],"yoast_head":"<!-- This site is optimized with the Yoast SEO plugin v24.1 - https:\/\/yoast.com\/wordpress\/plugins\/seo\/ -->\n<title>A\u00fan quedan d\u00edas de verano - Invisible<\/title>\n<meta name=\"robots\" content=\"index, follow, max-snippet:-1, max-image-preview:large, max-video-preview:-1\" \/>\n<link rel=\"canonical\" href=\"https:\/\/invisiblelab.es\/es\/proyecto_playground\/aun-quedan-dias-de-verano\/\" \/>\n<meta property=\"og:locale\" content=\"es_ES\" \/>\n<meta property=\"og:type\" content=\"article\" \/>\n<meta property=\"og:title\" content=\"A\u00fan quedan d\u00edas de verano - Invisible\" \/>\n<meta property=\"og:description\" content=\"\u201cAEMET estima que desde los a\u00f1os 80 del siglo XX los veranos se han alargado diez d\u00edas cada d\u00e9cada.\u201d El verano es el concepto en torno al que gira \u201cScenes 01: A\u00fan quedan d\u00edas de verano.\u201d El verano nos brinda la oportunidad de escapar de las obligaciones del d\u00eda a d\u00eda y abandonar por un [&hellip;]\" \/>\n<meta property=\"og:url\" content=\"https:\/\/invisiblelab.es\/es\/proyecto_playground\/aun-quedan-dias-de-verano\/\" \/>\n<meta property=\"og:site_name\" content=\"Invisible\" \/>\n<meta property=\"article:modified_time\" content=\"2024-02-05T17:52:02+00:00\" \/>\n<meta property=\"og:image\" content=\"https:\/\/invisiblelab.es\/wp-content\/uploads\/2023\/11\/28_Mesa-de-trabajo-1-copia-15-scaled.jpg\" \/>\n\t<meta property=\"og:image:width\" content=\"2560\" \/>\n\t<meta property=\"og:image:height\" content=\"1440\" \/>\n\t<meta property=\"og:image:type\" content=\"image\/jpeg\" \/>\n<meta name=\"twitter:card\" content=\"summary_large_image\" \/>\n<meta name=\"twitter:label1\" content=\"Tiempo de lectura\" \/>\n\t<meta name=\"twitter:data1\" content=\"2 minutos\" \/>\n<script type=\"application\/ld+json\" class=\"yoast-schema-graph\">{\"@context\":\"https:\/\/schema.org\",\"@graph\":[{\"@type\":\"WebPage\",\"@id\":\"https:\/\/invisiblelab.es\/es\/proyecto_playground\/aun-quedan-dias-de-verano\/\",\"url\":\"https:\/\/invisiblelab.es\/es\/proyecto_playground\/aun-quedan-dias-de-verano\/\",\"name\":\"A\u00fan quedan d\u00edas de verano - Invisible\",\"isPartOf\":{\"@id\":\"https:\/\/invisiblelab.es\/es\/#website\"},\"primaryImageOfPage\":{\"@id\":\"https:\/\/invisiblelab.es\/es\/proyecto_playground\/aun-quedan-dias-de-verano\/#primaryimage\"},\"image\":{\"@id\":\"https:\/\/invisiblelab.es\/es\/proyecto_playground\/aun-quedan-dias-de-verano\/#primaryimage\"},\"thumbnailUrl\":\"https:\/\/invisiblelab.es\/wp-content\/uploads\/2023\/11\/28_Mesa-de-trabajo-1-copia-15-scaled.jpg\",\"datePublished\":\"2023-11-30T08:32:15+00:00\",\"dateModified\":\"2024-02-05T17:52:02+00:00\",\"breadcrumb\":{\"@id\":\"https:\/\/invisiblelab.es\/es\/proyecto_playground\/aun-quedan-dias-de-verano\/#breadcrumb\"},\"inLanguage\":\"es\",\"potentialAction\":[{\"@type\":\"ReadAction\",\"target\":[\"https:\/\/invisiblelab.es\/es\/proyecto_playground\/aun-quedan-dias-de-verano\/\"]}]},{\"@type\":\"ImageObject\",\"inLanguage\":\"es\",\"@id\":\"https:\/\/invisiblelab.es\/es\/proyecto_playground\/aun-quedan-dias-de-verano\/#primaryimage\",\"url\":\"https:\/\/invisiblelab.es\/wp-content\/uploads\/2023\/11\/28_Mesa-de-trabajo-1-copia-15-scaled.jpg\",\"contentUrl\":\"https:\/\/invisiblelab.es\/wp-content\/uploads\/2023\/11\/28_Mesa-de-trabajo-1-copia-15-scaled.jpg\",\"width\":2560,\"height\":1440},{\"@type\":\"BreadcrumbList\",\"@id\":\"https:\/\/invisiblelab.es\/es\/proyecto_playground\/aun-quedan-dias-de-verano\/#breadcrumb\",\"itemListElement\":[{\"@type\":\"ListItem\",\"position\":1,\"name\":\"Portada\",\"item\":\"https:\/\/invisiblelab.es\/es\/\"},{\"@type\":\"ListItem\",\"position\":2,\"name\":\"Proyectos Playground\",\"item\":\"https:\/\/invisiblelab.es\/es\/proyecto_playground\/\"},{\"@type\":\"ListItem\",\"position\":3,\"name\":\"A\u00fan quedan d\u00edas de verano\"}]},{\"@type\":\"WebSite\",\"@id\":\"https:\/\/invisiblelab.es\/es\/#website\",\"url\":\"https:\/\/invisiblelab.es\/es\/\",\"name\":\"Invisible\",\"description\":\"Laboratorio de Imaginaci\u00f3n Aplicada\",\"publisher\":{\"@id\":\"https:\/\/invisiblelab.es\/es\/#organization\"},\"potentialAction\":[{\"@type\":\"SearchAction\",\"target\":{\"@type\":\"EntryPoint\",\"urlTemplate\":\"https:\/\/invisiblelab.es\/es\/?s={search_term_string}\"},\"query-input\":{\"@type\":\"PropertyValueSpecification\",\"valueRequired\":true,\"valueName\":\"search_term_string\"}}],\"inLanguage\":\"es\"},{\"@type\":\"Organization\",\"@id\":\"https:\/\/invisiblelab.es\/es\/#organization\",\"name\":\"Invisible Lab\",\"url\":\"https:\/\/invisiblelab.es\/es\/\",\"logo\":{\"@type\":\"ImageObject\",\"inLanguage\":\"es\",\"@id\":\"https:\/\/invisiblelab.es\/es\/#\/schema\/logo\/image\/\",\"url\":\"https:\/\/invisiblelab.es\/wp-content\/uploads\/2023\/09\/logo_invisible.png\",\"contentUrl\":\"https:\/\/invisiblelab.es\/wp-content\/uploads\/2023\/09\/logo_invisible.png\",\"width\":943,\"height\":195,\"caption\":\"Invisible Lab\"},\"image\":{\"@id\":\"https:\/\/invisiblelab.es\/es\/#\/schema\/logo\/image\/\"}}]}<\/script>\n<!-- \/ Yoast SEO plugin. -->","yoast_head_json":{"title":"A\u00fan quedan d\u00edas de verano - Invisible","robots":{"index":"index","follow":"follow","max-snippet":"max-snippet:-1","max-image-preview":"max-image-preview:large","max-video-preview":"max-video-preview:-1"},"canonical":"https:\/\/invisiblelab.es\/es\/proyecto_playground\/aun-quedan-dias-de-verano\/","og_locale":"es_ES","og_type":"article","og_title":"A\u00fan quedan d\u00edas de verano - Invisible","og_description":"\u201cAEMET estima que desde los a\u00f1os 80 del siglo XX los veranos se han alargado diez d\u00edas cada d\u00e9cada.\u201d El verano es el concepto en torno al que gira \u201cScenes 01: A\u00fan quedan d\u00edas de verano.\u201d El verano nos brinda la oportunidad de escapar de las obligaciones del d\u00eda a d\u00eda y abandonar por un [&hellip;]","og_url":"https:\/\/invisiblelab.es\/es\/proyecto_playground\/aun-quedan-dias-de-verano\/","og_site_name":"Invisible","article_modified_time":"2024-02-05T17:52:02+00:00","og_image":[{"width":2560,"height":1440,"url":"https:\/\/invisiblelab.es\/wp-content\/uploads\/2023\/11\/28_Mesa-de-trabajo-1-copia-15-scaled.jpg","type":"image\/jpeg"}],"twitter_card":"summary_large_image","twitter_misc":{"Tiempo de lectura":"2 minutos"},"schema":{"@context":"https:\/\/schema.org","@graph":[{"@type":"WebPage","@id":"https:\/\/invisiblelab.es\/es\/proyecto_playground\/aun-quedan-dias-de-verano\/","url":"https:\/\/invisiblelab.es\/es\/proyecto_playground\/aun-quedan-dias-de-verano\/","name":"A\u00fan quedan d\u00edas de verano - Invisible","isPartOf":{"@id":"https:\/\/invisiblelab.es\/es\/#website"},"primaryImageOfPage":{"@id":"https:\/\/invisiblelab.es\/es\/proyecto_playground\/aun-quedan-dias-de-verano\/#primaryimage"},"image":{"@id":"https:\/\/invisiblelab.es\/es\/proyecto_playground\/aun-quedan-dias-de-verano\/#primaryimage"},"thumbnailUrl":"https:\/\/invisiblelab.es\/wp-content\/uploads\/2023\/11\/28_Mesa-de-trabajo-1-copia-15-scaled.jpg","datePublished":"2023-11-30T08:32:15+00:00","dateModified":"2024-02-05T17:52:02+00:00","breadcrumb":{"@id":"https:\/\/invisiblelab.es\/es\/proyecto_playground\/aun-quedan-dias-de-verano\/#breadcrumb"},"inLanguage":"es","potentialAction":[{"@type":"ReadAction","target":["https:\/\/invisiblelab.es\/es\/proyecto_playground\/aun-quedan-dias-de-verano\/"]}]},{"@type":"ImageObject","inLanguage":"es","@id":"https:\/\/invisiblelab.es\/es\/proyecto_playground\/aun-quedan-dias-de-verano\/#primaryimage","url":"https:\/\/invisiblelab.es\/wp-content\/uploads\/2023\/11\/28_Mesa-de-trabajo-1-copia-15-scaled.jpg","contentUrl":"https:\/\/invisiblelab.es\/wp-content\/uploads\/2023\/11\/28_Mesa-de-trabajo-1-copia-15-scaled.jpg","width":2560,"height":1440},{"@type":"BreadcrumbList","@id":"https:\/\/invisiblelab.es\/es\/proyecto_playground\/aun-quedan-dias-de-verano\/#breadcrumb","itemListElement":[{"@type":"ListItem","position":1,"name":"Portada","item":"https:\/\/invisiblelab.es\/es\/"},{"@type":"ListItem","position":2,"name":"Proyectos Playground","item":"https:\/\/invisiblelab.es\/es\/proyecto_playground\/"},{"@type":"ListItem","position":3,"name":"A\u00fan quedan d\u00edas de verano"}]},{"@type":"WebSite","@id":"https:\/\/invisiblelab.es\/es\/#website","url":"https:\/\/invisiblelab.es\/es\/","name":"Invisible","description":"Laboratorio de Imaginaci\u00f3n Aplicada","publisher":{"@id":"https:\/\/invisiblelab.es\/es\/#organization"},"potentialAction":[{"@type":"SearchAction","target":{"@type":"EntryPoint","urlTemplate":"https:\/\/invisiblelab.es\/es\/?s={search_term_string}"},"query-input":{"@type":"PropertyValueSpecification","valueRequired":true,"valueName":"search_term_string"}}],"inLanguage":"es"},{"@type":"Organization","@id":"https:\/\/invisiblelab.es\/es\/#organization","name":"Invisible Lab","url":"https:\/\/invisiblelab.es\/es\/","logo":{"@type":"ImageObject","inLanguage":"es","@id":"https:\/\/invisiblelab.es\/es\/#\/schema\/logo\/image\/","url":"https:\/\/invisiblelab.es\/wp-content\/uploads\/2023\/09\/logo_invisible.png","contentUrl":"https:\/\/invisiblelab.es\/wp-content\/uploads\/2023\/09\/logo_invisible.png","width":943,"height":195,"caption":"Invisible Lab"},"image":{"@id":"https:\/\/invisiblelab.es\/es\/#\/schema\/logo\/image\/"}}]}},"_links":{"self":[{"href":"https:\/\/invisiblelab.es\/es\/wp-json\/wp\/v2\/proyecto_playground\/356","targetHints":{"allow":["GET"]}}],"collection":[{"href":"https:\/\/invisiblelab.es\/es\/wp-json\/wp\/v2\/proyecto_playground"}],"about":[{"href":"https:\/\/invisiblelab.es\/es\/wp-json\/wp\/v2\/types\/proyecto_playground"}],"wp:featuredmedia":[{"embeddable":true,"href":"https:\/\/invisiblelab.es\/es\/wp-json\/wp\/v2\/media\/389"}],"wp:attachment":[{"href":"https:\/\/invisiblelab.es\/es\/wp-json\/wp\/v2\/media?parent=356"}],"wp:term":[{"taxonomy":"categoria-de-playground","embeddable":true,"href":"https:\/\/invisiblelab.es\/es\/wp-json\/wp\/v2\/categoria-de-playground?post=356"}],"curies":[{"name":"wp","href":"https:\/\/api.w.org\/{rel}","templated":true}]}}

Aún quedan días de verano

<p>“AEMET estima que desde los años 80 del siglo XX los veranos se han alargado diez días cada década.”</p>



<p>El verano es el concepto en torno al que gira “Scenes 01: Aún quedan días de verano.”</p>



<p>El verano nos brinda la oportunidad de escapar de las obligaciones del día a día y abandonar por un momento la rutina; nos invita a concentrar nuestro tiempo y energía en aquellas cosas que nos importan, más allá del trabajo. La tecnología, la política o la economía quedan suspendidas en el aire para no romper la magia de las vacaciones.</p>



<p>En su lugar hablábamos de los sitios que hemos visitado, a quién hemos conocido o qué novela hemos disfrutado, fingiendo no saber que son los factores políticos, económicos o sociales los que permiten estas elecciones.</p>



<p>El verano está asociado a unas ideas muy concretas. Vacaciones, playa, sol, helados, excursiones… Sin embargo, estos arquetipos no tienen más que unas décadas de vida, los veranos del futuro puede que sean muy distintos a como los conocemos hoy.</p>



<p><strong>¿Cómo podría ser el verano en el año 2100?</strong> En esta cena utilizamos la idea de verano y su imaginario como herramientas para explorar un futuro sin caer en la utopía o distopía. Investigamos las conversaciones que existen sobre el verano y las temáticas que lo atraviesan, trabajo, economía, ocio o alimentación, para así entender los cambios emergentes que pueden redefinir cómo vivimos la estación estival.</p>



<p></p>

<!-- This site is optimized with the Yoast SEO plugin v24.1 - https://yoast.com/wordpress/plugins/seo/ -->
<title>Aún quedan días de verano - Invisible</title>
<meta name="robots" content="index, follow, max-snippet:-1, max-image-preview:large, max-video-preview:-1" />
<link rel="canonical" href="https://invisiblelab.es/es/proyecto_playground/aun-quedan-dias-de-verano/" />
<meta property="og:locale" content="es_ES" />
<meta property="og:type" content="article" />
<meta property="og:title" content="Aún quedan días de verano - Invisible" />
<meta property="og:description" content="“AEMET estima que desde los años 80 del siglo XX los veranos se han alargado diez días cada década.” El verano es el concepto en torno al que gira “Scenes 01: Aún quedan días de verano.” El verano nos brinda la oportunidad de escapar de las obligaciones del día a día y abandonar por un [&hellip;]" />
<meta property="og:url" content="https://invisiblelab.es/es/proyecto_playground/aun-quedan-dias-de-verano/" />
<meta property="og:site_name" content="Invisible" />
<meta property="article:modified_time" content="2024-02-05T17:52:02+00:00" />
<meta property="og:image" content="https://invisiblelab.es/wp-content/uploads/2023/11/28_Mesa-de-trabajo-1-copia-15-scaled.jpg" />
	<meta property="og:image:width" content="2560" />
	<meta property="og:image:height" content="1440" />
	<meta property="og:image:type" content="image/jpeg" />
<meta name="twitter:card" content="summary_large_image" />
<meta name="twitter:label1" content="Tiempo de lectura" />
	<meta name="twitter:data1" content="2 minutos" />
<script type="application/ld+json" class="yoast-schema-graph">{"@context":"https://schema.org","@graph":[{"@type":"WebPage","@id":"https://invisiblelab.es/es/proyecto_playground/aun-quedan-dias-de-verano/","url":"https://invisiblelab.es/es/proyecto_playground/aun-quedan-dias-de-verano/","name":"Aún quedan días de verano - Invisible","isPartOf":{"@id":"https://invisiblelab.es/es/#website"},"primaryImageOfPage":{"@id":"https://invisiblelab.es/es/proyecto_playground/aun-quedan-dias-de-verano/#primaryimage"},"image":{"@id":"https://invisiblelab.es/es/proyecto_playground/aun-quedan-dias-de-verano/#primaryimage"},"thumbnailUrl":"https://invisiblelab.es/wp-content/uploads/2023/11/28_Mesa-de-trabajo-1-copia-15-scaled.jpg","datePublished":"2023-11-30T08:32:15+00:00","dateModified":"2024-02-05T17:52:02+00:00","breadcrumb":{"@id":"https://invisiblelab.es/es/proyecto_playground/aun-quedan-dias-de-verano/#breadcrumb"},"inLanguage":"es","potentialAction":[{"@type":"ReadAction","target":["https://invisiblelab.es/es/proyecto_playground/aun-quedan-dias-de-verano/"]}]},{"@type":"ImageObject","inLanguage":"es","@id":"https://invisiblelab.es/es/proyecto_playground/aun-quedan-dias-de-verano/#primaryimage","url":"https://invisiblelab.es/wp-content/uploads/2023/11/28_Mesa-de-trabajo-1-copia-15-scaled.jpg","contentUrl":"https://invisiblelab.es/wp-content/uploads/2023/11/28_Mesa-de-trabajo-1-copia-15-scaled.jpg","width":2560,"height":1440},{"@type":"BreadcrumbList","@id":"https://invisiblelab.es/es/proyecto_playground/aun-quedan-dias-de-verano/#breadcrumb","itemListElement":[{"@type":"ListItem","position":1,"name":"Portada","item":"https://invisiblelab.es/es/"},{"@type":"ListItem","position":2,"name":"Proyectos Playground","item":"https://invisiblelab.es/es/proyecto_playground/"},{"@type":"ListItem","position":3,"name":"Aún quedan días de verano"}]},{"@type":"WebSite","@id":"https://invisiblelab.es/es/#website","url":"https://invisiblelab.es/es/","name":"Invisible","description":"Laboratorio de Imaginación Aplicada","publisher":{"@id":"https://invisiblelab.es/es/#organization"},"potentialAction":[{"@type":"SearchAction","target":{"@type":"EntryPoint","urlTemplate":"https://invisiblelab.es/es/?s={search_term_string}"},"query-input":{"@type":"PropertyValueSpecification","valueRequired":true,"valueName":"search_term_string"}}],"inLanguage":"es"},{"@type":"Organization","@id":"https://invisiblelab.es/es/#organization","name":"Invisible Lab","url":"https://invisiblelab.es/es/","logo":{"@type":"ImageObject","inLanguage":"es","@id":"https://invisiblelab.es/es/#/schema/logo/image/","url":"https://invisiblelab.es/wp-content/uploads/2023/09/logo_invisible.png","contentUrl":"https://invisiblelab.es/wp-content/uploads/2023/09/logo_invisible.png","width":943,"height":195,"caption":"Invisible Lab"},"image":{"@id":"https://invisiblelab.es/es/#/schema/logo/image/"}}]}</script>
<!-- / Yoast SEO plugin. -->

Aún quedan días de verano - Invisible

“AEMET estima que desde los años 80 del siglo XX los veranos se han alargado diez días cada década.” El verano es el concepto en torno al que gira “Scenes 01: Aún quedan días de verano.” El verano nos brinda la oportunidad de escapar de las obligaciones del día a día y abandonar por un [&hellip;]

Laboratorio de Imaginación Aplicada
